1085 + -1021. Calculate the greatest common factor of w and j.
16
Let z(j) = -3*j**2 + 46*j + 69. Let i be z(12). Calculate the highest common divisor of i and 238.
7
Suppose 4*r - 534 - 1628 = -3*y, -529 = -r + 5*y. What is the greatest common factor of r and 98?
49
Let q be (45 + 5)/(((-2)/6)/((-63)/18)). What is the greatest common factor of 1275 and q?
75
Let l(v) be the third derivative of v**5/5 - v**4/8 + 2*v**3/3 - 5*v**2 + 33. Let k be l(2). What is the greatest common divisor of k and 253?
23
Suppose 2*d - 4*d + 2*u = -42, -4*u + 63 = 3*d. Suppose 491*a - 486*a - 1680 = 0. Calculate the highest common factor of a and d.
21
Let c(q) = 5*q**2 - 55*q - 709. Let o be c(21). Calculate the greatest common factor of o and 2101.
11
Let c = 518 + -281. Let v = 291 - c. Calculate the highest common divisor of v and 432.
54
Let h(s) = s**3 + 14*s**2 - 51*s + 17. Let j be h(-17). Suppose -j*d + 360 = d. What is the highest common divisor of 180 and d?
20
Suppose 3*u = -32 + 38. Suppose -255 + 35 = -u*x. Calculate the highest common divisor of x and 22.
22
Let l(i) = i**3 - 9*i + 1. Suppose -3*s + 14 = -s. Let w be l(s). Let o = 468 - w. Calculate the highest common divisor of o and 17.
17
Let w be (4 + -1)*((-9)/(9/(-119)) + 8). Calculate the greatest common divisor of w and 15.
3
Let w = -119 - -112. Let t be (15 + w - 11)*-23*1. Calculate the greatest common divisor of 92 and t.
23
Let p be (16/28)/(5/385). Let z be 4824/396 + (-8)/p. Let n be (9/2)/((-6)/(-40)). What is the highest common divisor of z and n?
6
Suppose 39*s = 23*s - 144. Let x be s/(-2)*(-92 - -2)/(-9). What is the greatest common factor of 360 and x?
45
Suppose 4*w + 8*w = 36. Suppose 9 = 3*p - 0*p + w*l, -l - 1 = 0. Let z be 2/2 - 0/(-3). Calculate the highest common divisor of z and p.
1
Suppose -43*k - 5*l = -38*k - 65, k - 3*l = 33. Calculate the greatest common divisor of k and 256.
2
Let g be (1/(-6))/((-18)/(-72))*-3. Suppose t = -0*t + 2. Let v be (0/3 - t)/(-1). Calculate the highest common divisor of g and v.
2
Let a = 10580 - 8820. Calculate the highest common factor of a and 256.
32
Let s = -13 - -6. Let g(m) = -m**3 - 6*m**2 + 3. Let h be g(s). Let k be (25 + 1)*(-41)/(-82). What is the highest common divisor of k and h?
13
Let l be (-1*28/35)/(4/(-10)). Suppose -4*z = -4*r - 76, -l*z - r + 2*r = -39. Calculate the greatest common factor of z and 140.
20
Suppose 29*n = 19*n + 790. Let d = 275 + -196. What is the greatest common divisor of n and d?
79
Let g = 86879 + -60153. Calculate the highest common divisor of 14 and g.
14
Let p be (246/287)/((-2)/(-70)). Suppose -5*n = -2*n + 4*c - 1597, 507 = n - 5*c. Let o = n + -197. What is the highest common factor of p and o?
30
Suppose -517 = -4*u - 3*x, 2*x + 6 = 4*x. Suppose -5*n + u = 32. Let c = 76 - -76. What is the greatest common factor of c and n?
19
Let t(l) = 2*l**2 - 293*l + 867. Let s be t(3). Let q = 62 - 20. Calculate the highest common factor of q and s.
6
Let f = -67 + 69. Suppose 0 = -5*h + t - 2*t - 363, -f*h - 138 = -2*t. Let b = 78 + h. Calculate the highest common factor of b and 15.
3
Let r = -95 + 137. Let g(u) = -2*u**3 - 16*u**2 + 76*u + 570. Let k be g(-10). What is the highest common factor of k and r?
42
Let v = -531 - -535. Suppose q - 2*b - 24 + 3 = 0, 75 = v*q + b. What is the greatest common divisor of q and 475?
19
Let b = -5265 + 5298. Calculate the greatest common factor of b and 374.
11
Suppose -3*p - 30 = -w, -w + 28 = 2*p - 17. What is the greatest common divisor of w and 1833?
39
Let s(t) be the third derivative of t**4/6 + 55*t**3/2 - t**2 - 22. Let l be s(-31). What is the greatest common factor of l and 451?
41
Let g = -2465 + 6944. Let o be g/11 + 60/(-330). Calculate the highest common factor of 11 and o.
11
Let d = -26 - -28. Let k = d - -23. Suppose -c = l - k, 4*c - 2*l = 2*l + 100. What is the greatest common divisor of c and 200?
25
Suppose -438*x = -441*x - 4500. Let k be (x/(-35))/(1 + 12/(-14)). What is the highest common factor of 45 and k?
15
Suppose -2*m - 126 = 2*b, -205 = 3*m + 2*b - 3*b. Let k = 101 + m. What is the greatest common divisor of k and 17?
17
Let n = -24 - -105. Suppose 5*v + 2*o - 6 - 12 = 0, -11 = -3*v - o. Suppose 6*f - v*f = 18. What is the greatest common factor of f and n?
9
Suppose 4*m - 330 - 176 = -3*u, -3*u - 6 = 0. Suppose -30 = i - 78. What is the greatest common factor of m and i?
16
Let k be (-3)/(-3) - (-1 + 0). Suppose k*z = z + 12. Let y = 90831 + -90771. Calculate the greatest common divisor of y and z.
12
Suppose 363*h + 278 = 376*h - 47. What is the greatest common divisor of h and 1075?
25
Suppose 23*p + 120 = 28. Let t(b) = -52*b. Let o be t(p). Calculate the highest common factor of 48 and o.
16
Suppose 4*h = f + f + 16, 0 = 3*h + 5*f + 14. Let q be ((-32)/(-56))/(h/14). Let l be (9/2 + -4)/(5/360). Calculate the highest common factor of q and l.
4
Let a = 1084 + -788. What is the highest common divisor of a and 370?
74
Suppose 44*i + 324 = 53*i. Calculate the greatest common factor of i and 477.
9
Let b(f) = -f**3 + 10*f**2 + 2. Let l be b(10). Suppose -4*k = -5*o + l + 44, -3*o - k = -14. Calculate the highest common factor of o and 24.
6
Let q(i) = 56*i + 970. Let b be q(-14). What is the greatest common divisor of 1209 and b?
93
Let h(n) = -n**2 + 19*n - 24. Let j be h(14). Let t = 50 - j. Suppose 3*g - 182 = -2*g + 4*q, -133 = -t*g - q. Calculate the greatest common factor of 17 and g.
17
Let k be (6/4)/(-2*15/(-1800)). Calculate the highest common divisor of k and 41130.
90
Suppose 3*m - 53 = 1726. Suppose 0 = -5*y + m - 8. What is the greatest common divisor of 65 and y?
13
Let n(l) = -133*l**3 + l**2 - l. Let x be n(1). Let c = x + 149. What is the highest common factor of c and 272?
16
Let x(n) = 1314*n - 15751. Let g be x(12). Let y(j) = -50*j + 1. Let v be y(-1). Calculate the greatest common divisor of g and v.
17
Let l be 40*(-21)/(-18)*(15 - 216/16). Let h(t) = 3*t**2 + t - 2. Let v be h(-4). What is the highest common factor of v and l?
14
Suppose 296*r - 26632 = -20107 + 41131. Calculate the greatest common factor of r and 7.
7
Suppose -49*n - 47*n = -118*n + 12320. Calculate the highest common factor of 1792 and n.
112
Suppose -3*r + 20*r = 6*r + 1298. What is the greatest common divisor of r and 2006?
118
Suppose 4*k - 641 + 525 = -4*i, -46 = -2*k + 4*i. What is the highest common divisor of k and 1926?
9
Let h be 2055/35 - (-6)/21*1. Suppose -h = -4*k - 51. Suppose a + 114 = 2*v - 0*a, -212 = -4*v - k*a. What is the greatest common divisor of v and 22?
11
Suppose -26*y = -3204 + 240. Let a = y + -74. Calculate the greatest common factor of a and 60.
20
Let t(z) = 3*z**2 - 3*z + 200. Let s be t(0). Let f(p) = -p**3 - 4*p**2 + 16*p + 15. Let l be f(-7). Calculate the greatest common divisor of s and l.
50
Let l = -165 + 297. Suppose -l + 12 = -24*t. Suppose f + 4 = 49. What is the greatest common factor of f and t?
5
Suppose -234 = -3*r - l, 3*l - 252 - 210 = -6*r. What is the greatest common divisor of r and 856?
8
Let z be ((-120)/75)/(-2*6/14430). Calculate the greatest common factor of z and 444.
148
Suppose 0*l - 250 = -5*l. Let d(u) = 2*u**3 - 6*u**2 + 9*u + 1. Let i be d(4). Let k = i - l. What is the highest common divisor of k and 152?
19
Suppose 7*c = 9*c + 102. Let s = 54 + c. Let u be 9 + (s - (-8)/(-2)). Calculate the greatest common divisor of u and 4.
4
Suppose -21*z + 55 = -50. Calculate the highest common divisor of z and 1315.
5
Let z be 1504/(-6) - (-2)/(-6). Suppose -2*u + 4*q = -748, 91*q + 1476 = 4*u + 93*q. Let p = u + z. Calculate the highest common divisor of 17 and p.
17
Suppose -h - 3*p = -634, -3850 = -5*h + 2*p - 612. What is the greatest common divisor of 68 and h?
34
Let m = -246 + 984. Calculate the highest common factor of 328 and m.
82
Let x(w) be the second derivative of 5*w**3/6 - 43*w**2/2 + 26*w + 2. Let t be x(13). What is the greatest common divisor of 11 and t?
11
Let r = 1 - -5. Suppose -5*y - 4*x = -98, 0*y = 5*y + x - 92. What is the highest common factor of y and r?
6
Let b = -70 + 70. Let l be 3 + (2 - b - 5). Suppose l = -2*c, -3*c - 271 = -4*f + 125. Calculate the greatest common divisor of f and 33.
33
Let h = 2869 + -2344. Calculate the greatest common fac